{"id":386,"date":"2023-01-04T08:37:06","date_gmt":"2023-01-04T08:37:06","guid":{"rendered":"https:\/\/budgettech.com.tr\/?page_id=386"},"modified":"2023-01-06T12:31:01","modified_gmt":"2023-01-06T12:31:01","slug":"hakkimizda-2","status":"publish","type":"page","link":"https:\/\/budgettech.com.tr\/?page_id=386","title":{"rendered":"Hakk\u0131m\u0131zda"},"content":{"rendered":"\n<div class=\"wp-block-media-text alignwide is-stacked-on-mobile\"><figure class=\"wp-block-media-text__media\"><img loading=\"lazy\" decoding=\"async\" width=\"918\" height=\"1024\" src=\"https:\/\/budgettech.com.tr\/wp-content\/uploads\/2023\/01\/BT-2-918x1024.png\" alt=\"\" class=\"wp-image-519 size-full\" srcset=\"https:\/\/budgettech.com.tr\/wp-content\/uploads\/2023\/01\/BT-2-918x1024.png 918w, https:\/\/budgettech.com.tr\/wp-content\/uploads\/2023\/01\/BT-2-269x300.png 269w, https:\/\/budgettech.com.tr\/wp-content\/uploads\/2023\/01\/BT-2-768x857.png 768w, https:\/\/budgettech.com.tr\/wp-content\/uploads\/2023\/01\/BT-2.png 968w\" sizes=\"auto, (max-width: 918px) 100vw, 918px\" \/><\/figure><div class=\"wp-block-media-text__content\">\n<p>G\u00fcn\u00fcm\u00fcz dijital d\u00fcnyas\u0131nda teknoloji odakl\u0131 \u00e7\u00f6z\u00fcmler sunan Budget Tech, T\u00fcrkiye ve d\u00fcnya \u00e7ap\u0131nda m\u00fc\u015fterilerine ihtiya\u00e7lar\u0131 do\u011frultusunda \u00fcr\u00fcn ve proje bazl\u0131 hizmetler sunarak faaliyetlerini s\u00fcrd\u00fcrmektedir.<\/p>\n\n\n\n<p>Teknoloji, Telekom\u00fcnikasyon ve BT alan\u0131nda geni\u015f tecr\u00fcbeye sahip kadromuz ile m\u00fc\u015fterilerimize en iyi deneyimi sunarak, m\u00fc\u015fteri memnuniyetini \u00f6n planda tutan de\u011ferlerimiz do\u011frultusunda \u00e7\u00f6z\u00fcm odakl\u0131 ve g\u00fcvenilir hizmet anlay\u0131\u015f\u0131m\u0131z ile m\u00fc\u015fterilerimize en iyi hizmeti sunmay\u0131 hedeflemekteyiz.<\/p>\n<\/div><\/div>\n","protected":false},"excerpt":{"rendered":"<p>G\u00fcn\u00fcm\u00fcz dijital d\u00fcnyas\u0131nda teknoloji odakl\u0131 \u00e7\u00f6z\u00fcmler sunan Budget Tech, T\u00fcrkiye ve d\u00fcnya \u00e7ap\u0131nda m\u00fc\u015fterilerine ihtiya\u00e7lar\u0131 do\u011frultusunda \u00fcr\u00fcn ve proje bazl\u0131 hizmetler sunarak faaliyetlerini s\u00fcrd\u00fcrmektedir. Teknoloji, Telekom\u00fcnikasyon ve BT alan\u0131nda geni\u015f tecr\u00fcbeye sahip kadromuz ile m\u00fc\u015fterilerimize en iyi deneyimi sunarak, m\u00fc\u015fteri memnuniyetini \u00f6n planda tutan de\u011ferlerimiz do\u011frultusunda \u00e7\u00f6z\u00fcm odakl\u0131 ve g\u00fcvenilir hizmet anlay\u0131\u015f\u0131m\u0131z ile m\u00fc\u015fterilerimize en&hellip; <br \/> <a class=\"read-more\" href=\"https:\/\/budgettech.com.tr\/?page_id=386\">Devam\u0131<\/a><\/p>\n","protected":false},"author":1,"featured_media":0,"parent":0,"menu_order":0,"comment_status":"closed","ping_status":"closed","template":"","meta":{"footnotes":""},"class_list":["post-386","page","type-page","status-publish","hentry"],"_links":{"self":[{"href":"https:\/\/budgettech.com.tr\/index.php?rest_route=\/wp\/v2\/pages\/386","targetHints":{"allow":["GET"]}}],"collection":[{"href":"https:\/\/budgettech.com.tr\/index.php?rest_route=\/wp\/v2\/pages"}],"about":[{"href":"https:\/\/budgettech.com.tr\/index.php?rest_route=\/wp\/v2\/types\/page"}],"author":[{"embeddable":true,"href":"https:\/\/budgettech.com.tr\/index.php?rest_route=\/wp\/v2\/users\/1"}],"replies":[{"embeddable":true,"href":"https:\/\/budgettech.com.tr\/index.php?rest_route=%2Fwp%2Fv2%2Fcomments&post=386"}],"version-history":[{"count":6,"href":"https:\/\/budgettech.com.tr\/index.php?rest_route=\/wp\/v2\/pages\/386\/revisions"}],"predecessor-version":[{"id":623,"href":"https:\/\/budgettech.com.tr\/index.php?rest_route=\/wp\/v2\/pages\/386\/revisions\/623"}],"wp:attachment":[{"href":"https:\/\/budgettech.com.tr\/index.php?rest_route=%2Fwp%2Fv2%2Fmedia&parent=386"}],"curies":[{"name":"wp","href":"https:\/\/api.w.org\/{rel}","templated":true}]}}